se -5*k = 3*m - h, 4*k - 201 - 741 = 2*m. What is the units digit of k?
4
Suppose b - 786 = 215. What is the tens digit of b?
0
Let x = -7 - -9. Suppose -5*k = x - 207. What is the tens digit of k?
4
Suppose -14*c = -12*c. Suppose -3*f + 2*f + 57 = c. What is the tens digit of f?
5
Suppose -68*r = -71*r + 1113. What is the tens digit of r?
7
Suppose -9 = -5*b + 6. Suppose -2*j = 3*q + b, 0 = 2*q + 2*q - 20. Let n(l) = -2*l - 10. What is the units digit of n(j)?
8
Let j(z) = 90*z**3 - z**2 - 6*z + 2. What is the hundreds digit of j(2)?
7
Suppose d = 2, 6470 = -3*n + 6*n - 2*d. What is the hundreds digit of n?
1
Let n(k) = -k**3 + 3*k**2 + 7*k - 6. Let o(r) = -r**3 + 2*r**2 + 6*r - 5. Let h(t) = -3*n(t) + 4*o(t). What is the tens digit of h(-5)?
8
Let l(u) = 24*u**2 + u + 2. Let z be l(-1). Let y = 278 - 192. Suppose 0 = -3*v + z + y. What is the tens digit of v?
3
Let l be (2 + 1)*1 - 3. Suppose l = -2*y + 3*y - 100. What is the hundreds digit of y?
1
What is the hundreds digit of (145*(-8)/(-160))/(1/32)?
2
Let f(u) = -5*u. Suppose -18 = q - 6*q + 2*a, 2*q - 3*a - 5 = 0. Let o be f(q). Let b = 48 + o. What is the units digit of b?
8
Let n(y) = 8 - 3*y + y - y + 5. Let w be n(-7). What is the tens digit of -14 + 12 + w*2?
6
Let m(k) = 6*k**2 + 57*k - 15. What is the tens digit of m(-17)?
5
What is the hundreds digit of (-1192 - -64)*((-8)/3 - -2)?
7
Let d(h) = 3*h**3 - 10*h**2 - 2*h + 12. Suppose -3*r + 3*p = -15, 5*r + 4 - 29 = -2*p. What is the units digit of d(r)?
7
Let v(u) = u - 24. Let o be v(26). Suppose o*w = 208 + 4. What is the units digit of w?
6
Let a(s) = -5*s - 2. Let t be a(0). What is the units digit of ((-189)/(-105))/(t/(-50))?
5
Let s(h) = -h - 16. Let y be s(-18). Let f be 0 - (1 + (-11 - -2)). Suppose 0 = -y*m - 5*c + 15, -5*c - 7 - f = -m. What is the units digit of m?
0
Let y(c) = -c**3 + 7*c**2 - 7*c + 7. Let q be y(6). Suppose -r - q = -4. Suppose -2*l = r*l - 60. What is the units digit of l?
2
Suppose -5*i = 4*o - 303, i - 5*i + 267 = -5*o. Suppose -i = -y - 7. What is the units digit of y?
6
Let m = -1470 + 2543. What is the thousands digit of m?
1
Suppose -m + 20 = m - 5*u, -m + 3*u = -11. Suppose -m*h = -7*h + 168. What is the units digit of h?
4
Suppose 0 = 5*l, -o - 5*l - 8 = 18. Let n be 2 + o + (1 - 1). What is the tens digit of -6*(-4)/(n/(-21))?
2
What is the tens digit of (-879)/(-18) + (-40)/(-240)?
4
Let r be ((-54)/(-30))/((-1)/(-5)). Suppose -4*q = -0*x + x - 29, -33 = -3*q + 3*x. Let i = r - q. What is the units digit of i?
1
Suppose 5*s - 2*b = b + 11, s = -3*b - 5. What is the tens digit of ((-76)/12 + s)*15/(-2)?
4
Suppose 0 = 49*c - 73218 - 1801. What is the hundreds digit of c?
5
What is the hundreds digit of 27/(-6)*6*(-222)/27?
2
Let o = 33 + -43. What is the tens digit of (16/o + 2)*(80 + 0)?
3
Let p(j) = 13*j**3 + 41*j**2 - j + 19. Let g(t) = 3*t**3 + 10*t**2 + 5. Let d(n) = -9*g(n) + 2*p(n). Let q be d(-8). What is the units digit of 2/q + 215/45?
5
Suppose -5*q + 300 = 3*b - 219, -4*b + 3*q = -692. What is the tens digit of b?
7
Let n(r) = 41*r**2 - 32 - 25*r - 90*r**2 + 38*r**2 + r**3. What is the units digit of n(14)?
6
Let m = -325 - -379. What is the tens digit of m?
5
Let a = 538 - -1033. What is the tens digit of a?
7
Suppose -5*q - d + 2004 = -4*d, -q + 396 = -3*d. What is the tens digit of q?
0
Let h be -2*(-16)/7 - 267/(-623). What is the tens digit of 420/24*68/h?
3
Let s(x) = -x + 13. Let d be s(5). Suppose -d*r + 3*r + 460 = 0. What is the units digit of r?
2
Let h(u) be the first derivative of u**3/3 - u**2/2 - 5. Let p be h(2). Suppose -t + 4 = 5*c, p*c + 0*c - 19 = -t. What is the units digit of t?
9
Let w = 1234 - 592. What is the hundreds digit of w?
6
Let y = 49 - 35. What is the tens digit of (y/(-3))/((-3)/9)?
1
Let j = -221 - -122. Let l = 216 - j. What is the tens digit of l?
1
Suppose -4*k + 246*r = 250*r - 7060, -r = 5*k - 8825. What is the tens digit of k?
6
Let c(x) = 4*x**2 - 40*x - 44. What is the tens digit of c(-12)?
1
Suppose p = -6*b + 9*b + 1904, p + 4*b = 1883. What is the thousands digit of p?
1
Suppose 0 = -14*h + 17*h + 15. What is the tens digit of 1/(-2)*430/h?
4
Let p = 138 + -39. Let j = p + -60. What is the tens digit of j?
3
Suppose -f + 19 = b - 230, -2*f + 743 = 3*b. What is the units digit of b?
5
Suppose 0 = x - 3*o - 979, -o = 5*x - 5*o - 4862. What is the hundreds digit of x?
9
Suppose -r - 23 = -113. Let d(j) = -4*j - 20. Let c be d(-6). Suppose c*k = 34 + r. What is the tens digit of k?
3
Let i(j) = -j**2 + 5*j + 7. Let q be i(7). What is the units digit of 553/q*2/(-2)?
9
What is the hundreds digit of (108/(-270))/((-4)/1870)?
1
Suppose -4*k + 257 + 351 = 0. What is the units digit of (-3 - -3) + k - -4?
6
Suppose -1314 = 63*t - 65*t. What is the hundreds digit of t?
6
Suppose 40*h + 15 = 35*h. What is the hundreds digit of h/(-9)*-320*-3?
3
Let d = 660 - -302. What is the tens digit of d?
6
Let m = -4 - -46. Let o be 3/(-12) + m/8. Suppose g = o*g - 8. What is the units digit of g?
2
Let x = -2 + 4. Let t(f) = 2 - 4*f - 22*f + 24*f + 3*f**3. What is the tens digit of t(x)?
2
What is the tens digit of (-17)/((-17)/358) + (-2)/(-2)?
5
Let t be 3*2/4 + (-21)/(-6). Suppose t*h - 137 - 38 = 0. What is the tens digit of h?
3
Suppose -5*z + 25 = 3*r + 2*r, 3*z - 4*r + 6 = 0. Suppose 0*t = z*t - 24. Suppose 4*f - t = 0, -2*p - 4*f = -p - 24. What is the units digit of p?
2
Suppose d - 97 = -3*a, -7 = -2*a + 2*d + 47. Let r = a + -31. Let f(l) = -2*l**2 + 42. What is the tens digit of f(r)?
4
Let x(b) = 2*b**2 + 5*b - 5. Let q be x(-3). Let v(m) = 18 + 3*m + m**2 + m**2 - 16. What is the units digit of v(q)?
4
Let g(q) = 148*q - 40. What is the hundreds digit of g(5)?
7
Let a = 8 - 16. What is the units digit of -2 + 3 + -2 - 432/a?
3
Let j(t) = 13*t**2 - 36*t - 3. What is the hundreds digit of j(11)?
1
Let v = 38 - 58. Let i = v + 30. Suppose 6*n - 15 = n, -3*n = -a + i. What is the units digit of a?
9
What is the hundreds digit of 20/80 - (-1543)/4?
3
Suppose 2 = 2*z - 4. Suppose 24 = z*y - 45. Let j = -2 + y. What is the tens digit of j?
2
Let u(d) = d**3 + 5*d**2 + 3*d - 1. Suppose -5*q + 45 + 50 = 0. Suppose 2*g + 2*z = -3*z + q, -5*g = 3*z. What is the units digit of u(g)?
8
Let s = 821 + -734. What is the tens digit of s?
8
What is the units digit of ((-1242)/(-3))/(6 - 5 - 0)?
4
Let h = 3657 + -2184. What is the thousands digit of h?
1
Suppose 979 = 3*m + 172. What is the hundreds digit of m?
2
Suppose 5*d + 4*c = -0*c - 40, -5*d + c - 15 = 0. Let p be 33*-2*d/(-24). Let h = 13 + p. What is the units digit of h?
2
Let n(c) = c**3 + 6*c**2 + 4*c - 2. Let h be n(-5). Suppose h = -m, 449 = 5*w + m + m. What is the tens digit of w?
9
Let w(g) = -g + 2. Suppose 3*l + 6 + 0 = 0. Let r be w(l). Suppose 2*h + 5 = -1, r*h = 2*t - 24. What is the units digit of t?
6
Let q(o) = 15*o + 14. Let y be q(6). Let b = 34 + y. What is the tens digit of b?
3
Suppose -v - 12*v + 15548 = 0. What is the tens digit of v?
9
Suppose -169 - 87 = -4*m. Suppose 0 = o + 2*r - m, -2*o + 246 = 2*o - 2*r. What is the tens digit of o?
6
Let n be (-112)/(-40) - 2/(-10). Let l = n + 1. What is the units digit of l?
4
Suppose 0 = -7*c - 288 - 1854. What is the tens digit of 1/(-4)*(14 + c)?
7
Let s be 0 + 12/15*-5*1. What is the tens digit of 183 + 15/10 + (-2)/s?
8
Let m = 58 - 58. What is the tens digit of 5 - (-237 - (m + -5))?
3
Let f = -3 + 27. Let l = f + -7. Suppose 2 = -3*k + l. What is the units digit of k?
5
Let y = 818 + -617. What is the units digit of y?
1
Suppose 4*n = 8*n - 12. Let j be 4*n*28/21. Let h = 22 - j. What is the units digit of h?
6
Let o(s) = -s**3 - 7*s**2 - 3*s + 6. Let p be o(-6). Let m be 16/p*(-6)/4. Suppose 2*b - 225 = -5*x, 3*x - 151 = -0*b + m*b. What is the units digit of x?
7
Suppose -h + 2569 = 2*q, -4852 + 17692 = 5*h + 5*q. What is the hundreds digit of h?
5
Let c(q) = -q**3 + 11*q**2 - 14*q - 12. Let r(k) = -k + 9. Let j be r(2). What is the tens digit of c(j)?
8
Suppose -11*c - 15 = -14*c. Suppose s - c*q = -4*q + 80, -5*q = s - 86. What is the tens digit of s?
8
What is the tens digit of 1625 - (152/(-28) + (-3)/(-7))?
3
Suppose 0 = 2*n - 2, -4*w + 3*n - 1 = -46. Let u be 1/(-4) - 333/w. Let t = u - -44. What is the units digit o